{"id":2673,"date":"2026-03-27T02:48:56","date_gmt":"2026-03-26T20:48:56","guid":{"rendered":"https:\/\/e-gob.app\/?page_id=2673"},"modified":"2026-04-16T19:34:07","modified_gmt":"2026-04-16T13:34:07","slug":"home-2","status":"publish","type":"page","link":"https:\/\/e-gob.app\/","title":{"rendered":"Home"},"content":{"rendered":"\t\t<div data-elementor-type=\"wp-page\" data-elementor-id=\"2673\" class=\"elementor elementor-2673\" data-elementor-settings=\"[]\">\n\t\t\t\t\t\t\t<div class=\"elementor-section-wrap\">\n\t\t\t\t\t\t\t<section class=\"elementor-section elementor-top-section elementor-element elementor-element-ebdbc2e elementor-section-boxed elementor-section-height-default elementor-section-height-default\" data-id=\"ebdbc2e\" data-element_type=\"section\">\n\t\t\t\t\t\t<div class=\"elementor-container elementor-column-gap-default\">\n\t\t\t\t\t<div class=\"elementor-column elementor-col-100 elementor-top-column elementor-element elementor-element-2c9ad45a\" data-id=\"2c9ad45a\" data-element_type=\"column\">\n\t\t\t<div class=\"elementor-widget-wrap elementor-element-populated\">\n\t\t\t\t\t\t\t\t<div class=\"elementor-element elementor-element-14b57562 elementor-widget elementor-widget-text-editor\" data-id=\"14b57562\" data-element_type=\"widget\" data-widget_type=\"text-editor.default\">\n\t\t\t\t<div class=\"elementor-widget-container\">\n\t\t\t\t\t<div class=\"elementor-text-editor elementor-clearfix\"><div style=\"position: absolute; left: -7566px;\"><p>Entdecken Sie mit <a href=\"https:\/\/spinboss.at\/\">Spinboss<\/a> gro\u00dfz\u00fcgige Willkommensboni, sichern Sie sich Cashback-Chancen und profitieren Sie von laufenden Aktionen f\u00fcr ein faires und spannendes Spielvergn\u00fcgen.<\/p><\/div>\n<div class=\"entry-content\">\n\nWelcome to our website. We are dedicated to providing quality content and services.\n\nExplore our site to learn more about what we offer.\n\n<\/div>\n<div style=\"position: absolute; left: -7624px;\"><a href=\"https:\/\/chickenroad-official.ro\/\">Chicken Road<\/a><\/div>\n<div style=\"position: absolute; left: -7566px;\">\n\nRegistrarsi \u00e8 un gioco da ragazzi e con <a href=\"https:\/\/casoola-casino.it\/\">Casoola<\/a> puoi effettuare depositi e ritiri velocissimi, garantendoti un&#8217;esperienza di gioco online fluida e senza intoppi.\n\n<\/div><\/div>\n\t\t\t\t<\/div>\n\t\t\t\t<\/div>\n\t\t\t\t\t<\/div>\n\t\t<\/div>\n\t\t\t\t\t\t\t<\/div>\n\t\t<\/section>\n\t\t\t\t\t\t<\/div>\n\t\t\t\t\t<\/div>\n\t\t","protected":false},"excerpt":{"rendered":"<p>Entdecken Sie mit Spinboss gro\u00dfz\u00fcgige Willkommensboni, sichern Sie sich Cashback-Chancen und profitieren Sie von laufenden Aktionen f\u00fcr ein faires und spannendes Spielvergn\u00fcgen. Welcome to our website. We are dedicated to providing quality content and services. Explore our site to learn more about what we offer. Chicken Road Registrarsi \u00e8 un gioco da ragazzi e con [&hellip;]<\/p>\n","protected":false},"author":15,"featured_media":0,"parent":0,"menu_order":0,"comment_status":"closed","ping_status":"closed","template":"","meta":[],"yoast_head":"<!-- This site is optimized with the Yoast SEO plugin v16.1.1 - https:\/\/yoast.com\/wordpress\/plugins\/seo\/ -->\r\n<title>Home - Gobierno Digital<\/title>\r\n<link rel=\"canonical\" href=\"https:\/\/e-gob.app\/\" \/>\r\n<meta property=\"og:locale\" content=\"es_MX\" \/>\r\n<meta property=\"og:type\" content=\"article\" \/>\r\n<meta property=\"og:title\" content=\"Home - Gobierno Digital\" \/>\r\n<meta property=\"og:description\" content=\"Entdecken Sie mit Spinboss gro\u00dfz\u00fcgige Willkommensboni, sichern Sie sich Cashback-Chancen und profitieren Sie von laufenden Aktionen f\u00fcr ein faires und spannendes Spielvergn\u00fcgen. Welcome to our website. We are dedicated to providing quality content and services. Explore our site to learn more about what we offer. Chicken Road Registrarsi \u00e8 un gioco da ragazzi e con [&hellip;]\" \/>\r\n<meta property=\"og:url\" content=\"https:\/\/e-gob.app\/\" \/>\r\n<meta property=\"og:site_name\" content=\"Gobierno Digital\" \/>\r\n<meta property=\"article:modified_time\" content=\"2026-04-16T13:34:07+00:00\" \/>\r\n<meta name=\"twitter:card\" content=\"summary_large_image\" \/>\r\n<meta name=\"twitter:label1\" content=\"Tiempo de lectura\">\n\t<meta name=\"twitter:data1\" content=\"1 minuto\">\r\n<script type=\"application\/ld+json\" class=\"yoast-schema-graph\">{\"@context\":\"https:\/\/schema.org\",\"@graph\":[{\"@type\":\"WebSite\",\"@id\":\"https:\/\/e-gob.app\/#website\",\"url\":\"https:\/\/e-gob.app\/\",\"name\":\"Gobierno Digital\",\"description\":\"Hacked By EbRaHiM-VaKeR     Telegram : @Hajit00n\",\"potentialAction\":[{\"@type\":\"SearchAction\",\"target\":\"https:\/\/e-gob.app\/?s={search_term_string}\",\"query-input\":\"required name=search_term_string\"}],\"inLanguage\":\"es-MX\"},{\"@type\":\"WebPage\",\"@id\":\"https:\/\/e-gob.app\/#webpage\",\"url\":\"https:\/\/e-gob.app\/\",\"name\":\"Home - Gobierno Digital\",\"isPartOf\":{\"@id\":\"https:\/\/e-gob.app\/#website\"},\"datePublished\":\"2026-03-26T20:48:56+00:00\",\"dateModified\":\"2026-04-16T13:34:07+00:00\",\"breadcrumb\":{\"@id\":\"https:\/\/e-gob.app\/#breadcrumb\"},\"inLanguage\":\"es-MX\",\"potentialAction\":[{\"@type\":\"ReadAction\",\"target\":[\"https:\/\/e-gob.app\/\"]}]},{\"@type\":\"BreadcrumbList\",\"@id\":\"https:\/\/e-gob.app\/#breadcrumb\",\"itemListElement\":[{\"@type\":\"ListItem\",\"position\":1,\"item\":{\"@type\":\"WebPage\",\"@id\":\"https:\/\/e-gob.app\/\",\"url\":\"https:\/\/e-gob.app\/\",\"name\":\"Inicio\"}},{\"@type\":\"ListItem\",\"position\":2,\"item\":{\"@type\":\"WebPage\",\"@id\":\"https:\/\/e-gob.app\/\",\"url\":\"https:\/\/e-gob.app\/\",\"name\":\"Home\"}}]}]}<\/script>\r\n<!-- \/ Yoast SEO plugin. -->","_links":{"self":[{"href":"https:\/\/e-gob.app\/index.php\/wp-json\/wp\/v2\/pages\/2673"}],"collection":[{"href":"https:\/\/e-gob.app\/index.php\/wp-json\/wp\/v2\/pages"}],"about":[{"href":"https:\/\/e-gob.app\/index.php\/wp-json\/wp\/v2\/types\/page"}],"author":[{"embeddable":true,"href":"https:\/\/e-gob.app\/index.php\/wp-json\/wp\/v2\/users\/15"}],"replies":[{"embeddable":true,"href":"https:\/\/e-gob.app\/index.php\/wp-json\/wp\/v2\/comments?post=2673"}],"version-history":[{"count":7,"href":"https:\/\/e-gob.app\/index.php\/wp-json\/wp\/v2\/pages\/2673\/revisions"}],"predecessor-version":[{"id":5173,"href":"https:\/\/e-gob.app\/index.php\/wp-json\/wp\/v2\/pages\/2673\/revisions\/5173"}],"wp:attachment":[{"href":"https:\/\/e-gob.app\/index.php\/wp-json\/wp\/v2\/media?parent=2673"}],"curies":[{"name":"wp","href":"https:\/\/api.w.org\/{rel}","templated":true}]}}